{"id":442,"date":"2020-10-28T12:16:25","date_gmt":"2020-10-28T12:16:25","guid":{"rendered":"http:\/\/www.cjpgalati.ro\/?page_id=442"},"modified":"2020-10-28T15:36:15","modified_gmt":"2020-10-28T13:36:15","slug":"formulare-europene-ambp","status":"publish","type":"page","link":"http:\/\/www.cjpgalati.ro\/index.php\/formulare-europene-ambp\/","title":{"rendered":"Formulare europene AMBP"},"content":{"rendered":"\n<ul><li><a href=\"http:\/\/www.cjpgalati.ro\/pdf\/ambp\/fe\/E001.pdf\" target=\"_blank\" rel=\"noreferrer noopener\">E001 &#8211; Formular de comunicare \u00eentre institu\u0163ii<\/a><\/li><li><a href=\"http:\/\/www.cjpgalati.ro\/pdf\/ambp\/fe\/E101.pdf\" target=\"_blank\" rel=\"noreferrer noopener\">E101 &#8211; Certificat privind legisla\u0163ia aplicabil\u0103<\/a><\/li><li><a href=\"http:\/\/www.cjpgalati.ro\/pdf\/ambp\/fe\/E102.pdf\" target=\"_blank\" rel=\"noreferrer noopener\">E102 &#8211; Prelungirea deta\u015f\u0103rii sau a activit\u0103\u0163ilor independente<\/a><\/li><li><a href=\"http:\/\/www.cjpgalati.ro\/pdf\/ambp\/fe\/E107.pdf\" target=\"_blank\" rel=\"noreferrer noopener\">E107 &#8211; Cerere de atestat privind dreptul la presta\u0163iile \u00een natur\u0103<\/a><\/li><li><a href=\"http:\/\/www.cjpgalati.ro\/pdf\/ambp\/fe\/E115.pdf\" target=\"_blank\" rel=\"noreferrer noopener\">E115 &#8211; Cerere de presta\u0163ii \u00een bani pentru incapacitate de munc\u0103<\/a><\/li><li><a href=\"http:\/\/www.cjpgalati.ro\/pdf\/ambp\/fe\/E116.pdf\" target=\"_blank\" rel=\"noreferrer noopener\">E116 &#8211; Raport medical privind incapacitatea de munc\u0103<\/a><\/li><li><a href=\"http:\/\/www.cjpgalati.ro\/pdf\/ambp\/fe\/E117.pdf\" target=\"_blank\" rel=\"noreferrer noopener\">E117 &#8211; Acordarea de presta\u0163ii \u00een bani \u00een caz de maternitate \u015fi de incapacitate de munc\u0103<\/a><\/li><li><a href=\"http:\/\/www.cjpgalati.ro\/pdf\/ambp\/fe\/E118.pdf\" target=\"_blank\" rel=\"noreferrer noopener\">E118 &#8211; Notificarea nerecunoa\u015fterii sau a \u00eencheierii incapacit\u0103\u0163ii de munc\u0103<\/a><\/li><li><a href=\"http:\/\/www.cjpgalati.ro\/pdf\/ambp\/fe\/E123.pdf\" target=\"_blank\" rel=\"noreferrer noopener\">E123 &#8211; Atestat privind dreptul la presta\u0163iile \u00een natur\u0103 pentru asigurarea \u00eempotriva accidentelor de munc\u0103 \u015fi bolilor profesionale<\/a><\/li><li><a href=\"http:\/\/www.cjpgalati.ro\/pdf\/ambp\/fe\/E124.pdf\" target=\"_blank\" rel=\"noreferrer noopener\">E124 &#8211; Cerere pentru acordarea ajutorului de deces<\/a><\/li><li><a href=\"http:\/\/www.cjpgalati.ro\/pdf\/ambp\/fe\/E125.pdf\" target=\"_blank\" rel=\"noreferrer noopener\">E125 &#8211; Extras individual privind cheltuielile efective<\/a><\/li><li><a href=\"http:\/\/www.cjpgalati.ro\/pdf\/ambp\/fe\/E213.pdf\" target=\"_blank\" rel=\"noreferrer noopener\">E213 &#8211; Raport medical detaliat<\/a><\/li><li><a href=\"http:\/\/www.cjpgalati.ro\/pdf\/ambp\/fe\/instructiuni_ue.pdf\" target=\"_blank\" rel=\"noreferrer noopener\">Instructiuni UE<\/a><\/li><\/ul>\n","protected":false},"excerpt":{"rendered":"<p>E001 &#8211; Formular de comunicare \u00eentre institu\u0163ii E101 &#8211; Certificat privind legisla\u0163ia aplicabil\u0103 E102 &#8211; Prelungirea deta\u015f\u0103rii sau a activit\u0103\u0163ilor independente E107 &#8211; Cerere de atestat privind dreptul la presta\u0163iile \u00een natur\u0103 E115 &#8211; Cerere de presta\u0163ii \u00een bani pentru incapacitate de munc\u0103 E116 &#8211; Raport medical privind incapacitatea de munc\u0103 E117 &#8211; Acordarea de &hellip; <\/p>\n<p class=\"link-more\"><a href=\"http:\/\/www.cjpgalati.ro\/index.php\/formulare-europene-ambp\/\" class=\"more-link\">Continue reading<span class=\"screen-reader-text\"> &#8220;Formulare europene AMBP&#8221;<\/span><\/a><\/p>\n","protected":false},"author":3,"featured_media":0,"parent":0,"menu_order":0,"comment_status":"closed","ping_status":"closed","template":"","meta":[],"_links":{"self":[{"href":"http:\/\/www.cjpgalati.ro\/index.php\/wp-json\/wp\/v2\/pages\/442"}],"collection":[{"href":"http:\/\/www.cjpgalati.ro\/index.php\/wp-json\/wp\/v2\/pages"}],"about":[{"href":"http:\/\/www.cjpgalati.ro\/index.php\/wp-json\/wp\/v2\/types\/page"}],"author":[{"embeddable":true,"href":"http:\/\/www.cjpgalati.ro\/index.php\/wp-json\/wp\/v2\/users\/3"}],"replies":[{"embeddable":true,"href":"http:\/\/www.cjpgalati.ro\/index.php\/wp-json\/wp\/v2\/comments?post=442"}],"version-history":[{"count":6,"href":"http:\/\/www.cjpgalati.ro\/index.php\/wp-json\/wp\/v2\/pages\/442\/revisions"}],"predecessor-version":[{"id":462,"href":"http:\/\/www.cjpgalati.ro\/index.php\/wp-json\/wp\/v2\/pages\/442\/revisions\/462"}],"wp:attachment":[{"href":"http:\/\/www.cjpgalati.ro\/index.php\/wp-json\/wp\/v2\/media?parent=442"}],"curies":[{"name":"wp","href":"https:\/\/api.w.org\/{rel}","templated":true}]}}