{"id":1783,"date":"2025-03-25T16:10:28","date_gmt":"2025-03-25T14:10:28","guid":{"rendered":"http:\/\/www.cjpgalati.ro\/?page_id=1783"},"modified":"2025-03-26T08:29:06","modified_gmt":"2025-03-26T06:29:06","slug":"buletinul-informativ-legea-544-2001","status":"publish","type":"page","link":"http:\/\/www.cjpgalati.ro\/index.php\/buletinul-informativ-legea-544-2001\/","title":{"rendered":"Buletinul informativ (Legea 544\/2001)"},"content":{"rendered":"\n<p><strong>Buletinul informativ al informa\u021biilor de interes public<\/strong><\/p>\n\n\n\n<p><strong><br><\/strong>Informa\u0163iile de interes public care se comunic\u0103 din oficiu:<\/p>\n\n\n\n<ul>\n<li><a href=\"http:\/\/www.cjpgalati.ro\/index.php\/legislatie-2\/\">actele normative<\/a>&nbsp;care reglementeaz\u0103 organizarea \u015fi func\u0163ionarea institu\u0163iei;<\/li>\n\n\n\n<li><a href=\"http:\/\/cjpgalati.ro\/index.php\/organigrama\/\">structura organizatoric\u0103<\/a>,&nbsp;<a href=\"http:\/\/cjpgalati.ro\/index.php\/atributiile-departamentelor\/\">atribu\u0163iile departamentelor<\/a>;<\/li>\n\n\n\n<li><a href=\"http:\/\/cjpgalati.ro\/index.php\/conducere\/\">numele \u015fi prenumele persoanelor din conducerea institu\u0163iei<\/a>&nbsp;\u015fi ale&nbsp;<a href=\"http:\/\/cjpgalati.ro\/pdf\/pers_resp_544_2001.pdf\">func\u0163ionarului responsabil cu difuzarea informa\u0163iilor publice<\/a>;<\/li>\n\n\n\n<li>coordonatele de&nbsp;<a href=\"http:\/\/cjpgalati.ro\/index.php\/contact\/\">contact<\/a>&nbsp;ale institu\u0163iei, respectiv: denumirea, sediul, numerele de telefon, fax, adresa de e-mail \u015fi adresa paginii de internet;<\/li>\n\n\n\n<li><a href=\"http:\/\/cjpgalati.ro\/index.php\/programe-si-strategii\/\">programele \u015fi strategiile publice<\/a>;<\/li>\n<\/ul>\n\n\n\n<p><strong><br>Solicitarea informa\u0163iilor care nu se comunic\u0103 din oficiu se poate face:<\/strong><\/p>\n\n\n\n<ul>\n<li>\u00een scris,&nbsp;format h\u00e2rtie sau format electronic (descarc\u0103 model cerere-tip);<\/li>\n\n\n\n<li>verbal<\/li>\n<\/ul>\n\n\n\n<p><strong><br>Informa\u0163iile exceptate de la liberul acces:<\/strong><\/p>\n\n\n\n<ul>\n<li>informa\u0163iile privind activit\u0103\u0163ile comerciale sau financiare care aduc atingere principilului liberei concuren\u0163e;<\/li>\n\n\n\n<li>informa\u0163iile cu privire la datele personale;<\/li>\n\n\n\n<li>baza de date privind asigura\u0163ii \u015fi beneficiarii sistemului public;<\/li>\n\n\n\n<li>informa\u0163iile privind procedura \u00een timpul anchetei penale sau disciplinare, dac\u0103 se pericliteaz\u0103 rezultatul anchetei;<\/li>\n\n\n\n<li>informa\u0163iile privind procedurile judiciare, dac\u0103 publicitatea acestora aduce atingere asigur\u0103rii unui proces echitabil ori interesului legitim al oric\u0103reia dintre p\u0103r\u0163ile implicate \u00een proces.<\/li>\n<\/ul>\n","protected":false},"excerpt":{"rendered":"<p>Buletinul informativ al informa\u021biilor de interes public Informa\u0163iile de interes public care se comunic\u0103 din oficiu: Solicitarea informa\u0163iilor care nu se comunic\u0103 din oficiu se poate face: Informa\u0163iile exceptate de la liberul acces:<\/p>\n","protected":false},"author":3,"featured_media":0,"parent":0,"menu_order":0,"comment_status":"closed","ping_status":"closed","template":"","meta":[],"_links":{"self":[{"href":"http:\/\/www.cjpgalati.ro\/index.php\/wp-json\/wp\/v2\/pages\/1783"}],"collection":[{"href":"http:\/\/www.cjpgalati.ro\/index.php\/wp-json\/wp\/v2\/pages"}],"about":[{"href":"http:\/\/www.cjpgalati.ro\/index.php\/wp-json\/wp\/v2\/types\/page"}],"author":[{"embeddable":true,"href":"http:\/\/www.cjpgalati.ro\/index.php\/wp-json\/wp\/v2\/users\/3"}],"replies":[{"embeddable":true,"href":"http:\/\/www.cjpgalati.ro\/index.php\/wp-json\/wp\/v2\/comments?post=1783"}],"version-history":[{"count":7,"href":"http:\/\/www.cjpgalati.ro\/index.php\/wp-json\/wp\/v2\/pages\/1783\/revisions"}],"predecessor-version":[{"id":1798,"href":"http:\/\/www.cjpgalati.ro\/index.php\/wp-json\/wp\/v2\/pages\/1783\/revisions\/1798"}],"wp:attachment":[{"href":"http:\/\/www.cjpgalati.ro\/index.php\/wp-json\/wp\/v2\/media?parent=1783"}],"curies":[{"name":"wp","href":"https:\/\/api.w.org\/{rel}","templated":true}]}}