{"id":1486,"date":"2024-02-07T08:58:29","date_gmt":"2024-02-07T06:58:29","guid":{"rendered":"http:\/\/www.cjpgalati.ro\/?page_id=1486"},"modified":"2024-02-07T08:58:29","modified_gmt":"2024-02-07T06:58:29","slug":"plata-drepturilor-de-pensie-in-cont-bancar","status":"publish","type":"page","link":"http:\/\/www.cjpgalati.ro\/index.php\/plata-drepturilor-de-pensie-in-cont-bancar\/","title":{"rendered":"<strong>Plata drepturilor de pensie \u00een cont bancar<\/strong>"},"content":{"rendered":"\n<p>\u00cen vederea \u00eencas\u0103rii pensiilor prin cont curent personal, pensionarii se adreseaz\u0103 direct institu\u021biilor financiar-bancare, solicit\u00e2nd deschiderea contului. Contul se deschide pe numele clientului beneficiar de drepturi b\u0103nesti sau a reprezentantului s\u0103u legal, la solicitarea acestuia sau, dup\u0103&nbsp; caz, la cererea mandatarului desemnat de acesta&nbsp; prin&nbsp; procur\u0103&nbsp; special\u0103, emis\u0103 conform legii.&nbsp; Dupa deschiderea contului, persoana interesat\u0103 trebuie s\u0103 se adreseze casei teritoriale de pensii&nbsp; de care apar\u021bine, cu o cerere inso\u021bit\u0103 de o copie a extrasului de cont. Aceste acte pot fi transmise, prin po\u0219t\u0103, \u00een original, \u00een regim de scrisoare recomandat\u0103 cu confirmare de primire.<\/p>\n\n\n\n<p>\u00cen prezent, CNPP deruleaz\u0103 pl\u0103\u021bi prin urm\u0103toarele b\u0103nci comerciale:<\/p>\n\n\n\n<ul>\n<li>ALPHA Bank;<\/li>\n\n\n\n<li>ATE Bank;<\/li>\n\n\n\n<li>BANCA TRANSILVANIA;<\/li>\n\n\n\n<li>BCR;<\/li>\n\n\n\n<li>BRD;<\/li>\n\n\n\n<li>CEC Bank;<\/li>\n\n\n\n<li>CREDIT EUROPE Bank;<\/li>\n\n\n\n<li>CREDITCOOP;<\/li>\n\n\n\n<li>EXIMBANK (fost\u0103 Banca Rom\u00e2neasc\u0103);<\/li>\n\n\n\n<li>FIRST Bank;<\/li>\n\n\n\n<li>GARANTI Bank;<\/li>\n\n\n\n<li>ING;<\/li>\n\n\n\n<li>SALT Bank (fost\u0103 IDEA Bank);<\/li>\n\n\n\n<li>INTESA SANPAOLO Bank;<\/li>\n\n\n\n<li>LIBRA Bank;<\/li>\n\n\n\n<li>OTP Bank;<\/li>\n\n\n\n<li>PATRIA Bank;<\/li>\n\n\n\n<li>PROCREDIT Bank;<\/li>\n\n\n\n<li>RAIFFEISEN Bank;<\/li>\n\n\n\n<li>UNICREDIT Bank;<\/li>\n\n\n\n<li>VISTA Bank.<\/li>\n<\/ul>\n","protected":false},"excerpt":{"rendered":"<p>\u00cen vederea \u00eencas\u0103rii pensiilor prin cont curent personal, pensionarii se adreseaz\u0103 direct institu\u021biilor financiar-bancare, solicit\u00e2nd deschiderea contului. Contul se deschide pe numele clientului beneficiar de drepturi b\u0103nesti sau a reprezentantului s\u0103u legal, la solicitarea acestuia sau, dup\u0103&nbsp; caz, la cererea mandatarului desemnat de acesta&nbsp; prin&nbsp; procur\u0103&nbsp; special\u0103, emis\u0103 conform legii.&nbsp; Dupa deschiderea contului, persoana interesat\u0103 &hellip; <\/p>\n<p class=\"link-more\"><a href=\"http:\/\/www.cjpgalati.ro\/index.php\/plata-drepturilor-de-pensie-in-cont-bancar\/\" class=\"more-link\">Continue reading<span class=\"screen-reader-text\"> &#8220;<strong>Plata drepturilor de pensie \u00een cont bancar<\/strong>&#8220;<\/span><\/a><\/p>\n","protected":false},"author":3,"featured_media":0,"parent":0,"menu_order":0,"comment_status":"closed","ping_status":"closed","template":"","meta":[],"_links":{"self":[{"href":"http:\/\/www.cjpgalati.ro\/index.php\/wp-json\/wp\/v2\/pages\/1486"}],"collection":[{"href":"http:\/\/www.cjpgalati.ro\/index.php\/wp-json\/wp\/v2\/pages"}],"about":[{"href":"http:\/\/www.cjpgalati.ro\/index.php\/wp-json\/wp\/v2\/types\/page"}],"author":[{"embeddable":true,"href":"http:\/\/www.cjpgalati.ro\/index.php\/wp-json\/wp\/v2\/users\/3"}],"replies":[{"embeddable":true,"href":"http:\/\/www.cjpgalati.ro\/index.php\/wp-json\/wp\/v2\/comments?post=1486"}],"version-history":[{"count":1,"href":"http:\/\/www.cjpgalati.ro\/index.php\/wp-json\/wp\/v2\/pages\/1486\/revisions"}],"predecessor-version":[{"id":1488,"href":"http:\/\/www.cjpgalati.ro\/index.php\/wp-json\/wp\/v2\/pages\/1486\/revisions\/1488"}],"wp:attachment":[{"href":"http:\/\/www.cjpgalati.ro\/index.php\/wp-json\/wp\/v2\/media?parent=1486"}],"curies":[{"name":"wp","href":"https:\/\/api.w.org\/{rel}","templated":true}]}}